et q(r) = r**2 + 1431*r + 18323. What is q(-13)?
-111
Let y(n) = 3*n**3 + 6*n**2 - 49*n + 219. Determine y(6).
789
Let x(d) = -d**3 + 7*d**2 + 391*d - 3097. Calculate x(8).
-33
Let h(x) = x**3 - 12*x**2 + 85*x - 3441. What is h(18)?
33
Let l(s) = 9*s**3 + 2627*s**2 - 285*s + 2055. What is l(-292)?
11
Let q(g) = 387*g**2 - 33*g - 120. Calculate q(-2).
1494
Let c(m) = m**3 + 3*m**2 - 186*m - 1354. Calculate c(-8).
-186
Let k(j) = 243441*j + 24100671. Determine k(-99).
12
Let n(r) = -92108*r + 1381595. What is n(15)?
-25
Let q(a) = 47*a**2 - 4707*a + 713. Give q(100).
13
Let u(l) = -352*l + 35516. Give u(101).
-36
Let q(u) = -21515*u - 107510. Determine q(-5).
65
Let t(a) = -8891*a + 97720. What is t(11)?
-81
Let p(u) = -100217*u + 4108892. What is p(41)?
-5
Let m(q) = -2*q**2 - 209*q + 2935. Determine m(13).
-120
Let h(s) = 94744*s + 7105799. Calculate h(-75).
-1
Let i(m) = -4*m**3 - 38*m**2 - 4779*m - 37844. Determine i(-8).
4
Let h(m) = -127706*m - 510775. What is h(-4)?
49
Let v(x) = 41361*x + 124104. Calculate v(-3).
21
Let z(t) = 12*t**3 + 674*t**2 + 111*t - 63. Calculate z(-56).
-7
Let d(u) = -u**3 + 19*u**2 + 320*u - 6070. What is d(18)?
14
Let r(q) = q**3 - q**2 - 60*q + 429. Calculate r(7).
303
Let s(w) = 2*w**3 + 70*w**2 - 5257*w + 5372. Give s(36).
152
Let q(b) = -20*b**3 - 2459*b**2 - 716*b - 103192. Calculate q(-123).
5
Let n(j) = -12*j**2 - 5839*j - 14997. Determine n(-484).
7
Let p(y) = -24*y**2 - 9035*y + 4893. Determine p(-377).
-8
Let r(g) = -1141*g + 516875. What is r(453)?
2
Let y(z) = -z**3 + 197*z**2 + 17399*z - 10796. What is y(263)?
-13
Let x(h) = -h**3 - 41*h**2 - 184*h - 11634. Determine x(-43).
-24
Let l(z) = z**3 + 18*z**2 + 80*z + 665. Calculate l(-16).
-103
Let z(j) = 22172*j + 931526. Calculate z(-42).
302
Let x(u) = -u**2 + 108*u - 72. Calculate x(106).
140
Let u(h) = -330326*h + 5285225. Determine u(16).
9
Let p(n) = 3*n**2 + 7154*n - 35793. Calculate p(5).
52
Let l(z) = z**2 - 45013*z - 1125961. Determine l(-25).
-11
Let n(v) = 697644*v + 4185860. Determine n(-6).
-4
Let v(i) = i**3 + 25*i**2 - 41*i + 4482. Determine v(-31).
-13
Let z(j) = -j**3 - 7*j**2 - 289*j + 2688. Determine z(10).
-1902
Let j(c) = -5*c**3 - 36*c**2 - 126*c - 1079. Calculate j(-8).
185
Let v(i) = -2*i**3 - 70*i**2 + 932*i - 463. Calculate v(-45).
-1903
Let r(g) = 71616*g + 1002798. Give r(-14).
174
Let i(z) = -165*z**2 - 49342*z - 1962. What is i(-299)?
131
Let j(p) = 9469*p + 710142. What is j(-75)?
-33
Let g(c) = c**2 - 20402*c + 12628555. Give g(639).
-2
Let s(a) = 4*a**3 + 72*a**2 + 23*a + 200. Determine s(-15).
2555
Let r(w) = -w**3 + 27*w**2 + 102*w + 692. Give r(31).
10
Let w(p) = -p**3 + 261*p**2 + 1001*p + 15672. Calculate w(265).
37
Let j(i) = -3042*i - 6124. Give j(-2).
-40
Let r(o) = -o**2 - 8983*o + 433545. Calculate r(48).
57
Let g(m) = -25*m**3 - 16*m**2 + 116*m - 259. What is g(3)?
-730
Let k(m) = m**2 - 394*m + 10580. What is k(29)?
-5
Let v(p) = 8*p**2 - 9101*p - 21621. Calculate v(1140).
39
Let v(a) = a**3 - 272*a**2 + 2113*a - 474. Give v(264).
-210
Let u(m) = 1906*m**2 + 24789*m + 20. Give u(-13).
-123
Let h(w) = 12878*w + 77438. Give h(-6).
170
Let r(h) = 34047*h**2 - 306422*h - 9. What is r(9)?
0
Let v(a) = -336*a + 1889. Calculate v(6).
-127
Let v(x) = -x**2 + 63237*x - 2338400. Give v(37).
0
Let x(t) = -t**3 + 14*t**2 + 291*t + 1404. What is x(-8)?
484
Let s(z) = 12455*z**2 + 112095*z - 10. Calculate s(-9).
-10
Let w(r) = r**3 - 105*r**2 - 297*r + 8804. What is w(107)?
-77
Let s(p) = -2*p**3 + 57*p**2 - 637*p + 2463. Determine s(8).
-9
Let i(p) = 13658*p + 55456. Calculate i(-4).
824
Let s(o) = 2*o**2 + 280*o + 4419. Calculate s(-122).
27
Let y(p) = -p**3 + 177*p**2 + 510*p + 67. Give y(180).
-5333
Let i(l) = l**2 - 384*l + 16986. Calculate i(51).
3
Let r(f) = 905*f - 56104. Calculate r(63).
911
Let z(u) = -156*u**2 + 41033*u - 1322. Determine z(263).
-7
Let w(m) = -13*m**2 - 13455*m + 53805. Give w(4).
-223
Let f(h) = -h**3 - 36*h**2 + 8340*h + 1673. Give f(-111).
8
Let s(r) = 1437*r + 59016. Calculate s(-41).
99
Let r(q) = -2*q**3 + 114*q**2 - 216*q - 155. Give r(55).
65
Let z(r) = 4630*r + 276. Calculate z(0).
276
Let q(b) = -b**3 + 181*b**2 + 5618*b + 48. Determine q(-27).
-6
Let s(x) = 62*x - 3830. Calculate s(71).
572
Let o(s) = -4*s**2 + 444*s + 359. Determine o(110).
799
Let m(r) = -548*r + 806. Give m(-3).
2450
Let m(n) = 560*n**2 - 4326*n + 37. Determine m(8).
1269
Let a(c) = -37987*c + 227939. Calculate a(6).
17
Let z(a) = 389*a - 7544. Determine z(19).
-153
Let b(t) = t**3 - 10*t**2 - 4802*t + 48031. Determine b(10).
11
Let v(m) = 12314*m - 1650070. What is v(134)?
6
Let q(f) = 7*f**2 - 1755*f - 1755. Give q(-1).
7
Let h(m) = -3823*m - 211. Calculate h(-1).
3612
Let h(j) = 170646*j + 2047745. Determine h(-12).
-7
Let s(y) = -16*y**3 + 1042*y**2 - 131*y + 171. Calculate s(65).
106
Let m(o) = 15*o**2 - 788*o + 9879. Determine m(20).
119
Let s(t) = -2*t**3 - 65*t**2 + 175*t + 2596. Calculate s(-35).
2596
Let q(r) = -2*r**3 + 572*r**2 + 1738*r - 1076. Give q(289).
80
Let j(n) = -12*n**2 + 99*n + 35. Give j(8).
59
Let a(u) = 1209*u - 18181. Determine a(12).
-3673
Let w(v) = v**3 - 32*v**2 + 4072*v - 135094. Calculate w(33).
371
Let y(n) = -15*n - 732. What is y(-10)?
-582
Let g(a) = -942*a - 1747. Give g(-2).
137
Let v(g) = -939*g - 9907. Calculate v(-11).
422
Let l(z) = 2*z**2 + 176*z - 449. Give l(-87).
-623
Let i(v) = -17*v**2 - 466*v + 5576. Determine i(9).
5
Let j(s) = 220*s + 76937. Give j(-350).
-63
Let q(w) = 482*w + 6678. Determine q(-8).
2822
Let b(h) = -4*h**2 - 216*h + 195. What is b(-55)?
-25
Let t(u) = 3*u**3 + 131*u**2 + 210*u + 284. What is t(-42)?
284
Let s(v) = v**3 + 1495*v**2 + 549252*v + 1305. Determine s(-650).
5
Let k(b) = -899312*b - 53958724. What is k(-60)?
-4
Let j(k) = 84*k**2 + 1507*k - 7490. Determine j(-22).
12
Let a(b) = -2*b**3 + 32*b**2 - 98*b - 143. What is a(7)?
53
Let t(s) = -2*s**3 - 99*s**2 - 1180*s + 44. Calculate t(-20).
44
Let p(j) = 13*j**2 + 2257*j + 96334. Give p(-98).
0
Let c(a) = -1044137*a + 5220692. What is c(5)?
7
Let q(y) = -4*y**3 + 99*y**2 - 532*y - 23. Determine q(8).
9
Let g(r) = -2*r**3 - 123*r**2 - 1884*r - 202. Give g(-28).
22
Let o(u) = -4028*u + 346373. Give o(86).
-35
Let k(y) = 165*y**2 + 3707*y + 1687. Give k(-22).
-7
Let u(b) = -2*b**3 - 10*b**2 + 109*b + 45. Determine u(11).
-2628
Let z(q) = -28*q**2 + 56*q + 1. What is z(0)?
1
Let n(w) = 59*w**2 - 220*w - 2. Determine n(-2).
674
Let h(x) = -50*x**2 + 58174*x + 30262. Determine h(1164).
-2
Let l(y) = -112*y**2 - 7953*y + 22. What is l(-71)?
93
Let g(v) = -v**3 - 335*v**2 - 13496*v + 11528. What is g(-288)?
8
Let b(q) = -988*q - 251940. Determine b(-255).
0
Let d(r) = -33*r**3 - 596*r**2 + 150*r + 3356. Give d(-18).
8
Let i(l) = 821*l - 18145. Give i(22).
-83
Let h(s) = -10011*s - 22. Calculate h(0).
-22
Let u(x) = -69*x - 4782. Calculate u(-72).
186
Let i(m) = -21*m**2 + 284*m + 49. Determine i(14).
-91
Let o(x) = -x**3 - 118*x**2 + 1686*x + 34444. Give o(-129).
1
Let d(k) = -k**2 + 183*k - 8741. Give d(118).
-1071
Let i(o) = 2*o**2 - 191*o - 23084. Calculate i(165).
-149
Let v(q) = -319*q - 4283. Calculate v(-14).
183
Let a(i) = -i**3 + 97*i**2 - 10*i + 1124. Calculate a(97).
154
Let v(a) = 6892*a - 57. Calculate v(0).
-57
Let f(o) = -36668*o + 659819. Give f(18).
-205
Let t(v) = 84554*v + 2959357. Calculate t(-35).
-33
Let g(q) = 3757*q - 36491. Calculate g(10).
1079
Let o(f) = f**3 + 118*f**2 - 11692*f - 8020. Give o(-182).
-12
Let c(u) = 1778*u + 600937. What is c(-338)?
-27
Let o(z) = -z**3 + 25*z**2 + 808*z - 8. What is o(-18)?
-620
Let m(t) = -11213*t - 6. Calculate m(0).
-6
Let h(r) = r**2 + 73*r - 4643. What is h(-52)?
-5735
Let m(i) = -11*i**3 + 16*i**2 + 66*i - 13. Calculate m(-3).
230
Let a(c) = 31774*c + 95254. Determine a(-3).
-68
Let o(v) = 830*v**3 - 25*v**2 + 39*v + 63. Give o(-1).
-831
Let v(o) = -612*o - 5407. Determine v(-7).
-1123
Let b(g) = -g**2 + 2100*g + 408503. What is b(-179)?
562
Let l(k) = 7*k**3 - 3250*k**2 + 12888*k + 3. Determine l(4).
3
Let i(o) = -101394*o + 4664129. What is i(46)?
5
Let h(y) = -y**2 - 2551*y + 20471. What is h(8)?
-1
Let l(w) = -18*w**3 + 160*w**2 - 352*w + 13. Give l(4).
13
Let f(u) = u**3 - 145*u**2 + 455*u - 32. What is f(3)?
55
Let i(j